{"id":88,"date":"2021-03-11T22:04:27","date_gmt":"2021-03-11T21:04:27","guid":{"rendered":"http:\/\/www.garagedeprovence.fr\/?page_id=88"},"modified":"2024-03-04T13:04:39","modified_gmt":"2024-03-04T12:04:39","slug":"plan-d-acces","status":"publish","type":"page","link":"http:\/\/www.garagedeprovence.fr\/?page_id=88","title":{"rendered":"Plan d acc\u00e8s"},"content":{"rendered":"\n<figure class=\"wp-block-image size-large is-resized\"><a href=\"https:\/\/www.google.com\/maps\/place\/Garage+de+Provence\/@45.6952245,4.9243341,372m\/data=!3m1!1e3!4m5!3m4!1s0x47f4c397d75e9619:0x90d0af488e67affc!8m2!3d45.695414!4d4.9254125\" target=\"_blank\" rel=\"noopener\"><img data-recalc-dims=\"1\" loading=\"lazy\" decoding=\"async\" src=\"https:\/\/i0.wp.com\/www.garagedeprovence.fr\/wp-content\/uploads\/2021\/03\/Capture-decran-2021-03-12-a-11.53.06.png?resize=512%2C331\" alt=\"Cliquer sur l image pour obtenir un itin\u00e9raire.\" class=\"wp-image-161\" width=\"512\" height=\"331\" title=\"Plan d acces\" srcset=\"https:\/\/i0.wp.com\/www.garagedeprovence.fr\/wp-content\/uploads\/2021\/03\/Capture-decran-2021-03-12-a-11.53.06.png?resize=1024%2C662 1024w, https:\/\/i0.wp.com\/www.garagedeprovence.fr\/wp-content\/uploads\/2021\/03\/Capture-decran-2021-03-12-a-11.53.06.png?resize=300%2C194 300w, https:\/\/i0.wp.com\/www.garagedeprovence.fr\/wp-content\/uploads\/2021\/03\/Capture-decran-2021-03-12-a-11.53.06.png?resize=768%2C496 768w, https:\/\/i0.wp.com\/www.garagedeprovence.fr\/wp-content\/uploads\/2021\/03\/Capture-decran-2021-03-12-a-11.53.06.png?resize=1536%2C993 1536w, https:\/\/i0.wp.com\/www.garagedeprovence.fr\/wp-content\/uploads\/2021\/03\/Capture-decran-2021-03-12-a-11.53.06.png?resize=2048%2C1324 2048w, https:\/\/i0.wp.com\/www.garagedeprovence.fr\/wp-content\/uploads\/2021\/03\/Capture-decran-2021-03-12-a-11.53.06.png?resize=464%2C300 464w, https:\/\/i0.wp.com\/www.garagedeprovence.fr\/wp-content\/uploads\/2021\/03\/Capture-decran-2021-03-12-a-11.53.06.png?w=1986 1986w\" sizes=\"auto, (max-width: 512px) 100vw, 512px\" \/><\/a><\/figure>\n","protected":false},"excerpt":{"rendered":"","protected":false},"author":1,"featured_media":0,"parent":71,"menu_order":2,"comment_status":"closed","ping_status":"closed","template":"templates\/template-page-with-intro.php","meta":{"footnotes":""},"class_list":["post-88","page","type-page","status-publish","hentry"],"yoast_head":"<!-- This site is optimized with the Yoast SEO plugin v27.5 - https:\/\/yoast.com\/product\/yoast-seo-wordpress\/ -->\n<title>Plan d acc\u00e8s - Garage de provence Agent Renault Dacia<\/title>\n<meta name=\"description\" content=\"Garage de Provence, Agent Renault Dacia ,Saint Priest ,69800 ,Rh\u00f4ne ,r\u00e9paration m\u00e9canique ,carrosserie,peinture, vente v\u00e9hicule neuf occasion\" \/>\n<meta name=\"robots\" content=\"index, follow, max-snippet:-1, max-image-preview:large, max-video-preview:-1\" \/>\n<link rel=\"canonical\" href=\"https:\/\/www.garagedeprovence.fr\/?page_id=88\" \/>\n<meta property=\"og:locale\" content=\"fr_FR\" \/>\n<meta property=\"og:type\" content=\"article\" \/>\n<meta property=\"og:title\" content=\"Plan d acc\u00e8s - Garage de provence Agent Renault Dacia\" \/>\n<meta property=\"og:description\" content=\"Garage de Provence, Agent Renault Dacia ,Saint Priest ,69800 ,Rh\u00f4ne ,r\u00e9paration m\u00e9canique ,carrosserie,peinture, vente v\u00e9hicule neuf occasion\" \/>\n<meta property=\"og:url\" content=\"https:\/\/www.garagedeprovence.fr\/?page_id=88\" \/>\n<meta property=\"og:site_name\" content=\"Garage de provence Agent Renault Dacia\" \/>\n<meta property=\"article:modified_time\" content=\"2024-03-04T12:04:39+00:00\" \/>\n<meta property=\"og:image\" content=\"http:\/\/www.garagedeprovence.fr\/wp-content\/uploads\/2021\/03\/Capture-decran-2021-03-12-a-11.53.06-1024x662.png\" \/>\n<meta name=\"twitter:card\" content=\"summary_large_image\" \/>\n<meta name=\"twitter:label1\" content=\"Dur\u00e9e de lecture estim\u00e9e\" \/>\n\t<meta name=\"twitter:data1\" content=\"1 minute\" \/>\n<script type=\"application\/ld+json\" class=\"yoast-schema-graph\">{\"@context\":\"https:\\\/\\\/schema.org\",\"@graph\":[{\"@type\":\"WebPage\",\"@id\":\"https:\\\/\\\/www.garagedeprovence.fr\\\/?page_id=88\",\"url\":\"https:\\\/\\\/www.garagedeprovence.fr\\\/?page_id=88\",\"name\":\"Plan d acc\u00e8s - Garage de provence Agent Renault Dacia\",\"isPartOf\":{\"@id\":\"https:\\\/\\\/www.garagedeprovence.fr\\\/#website\"},\"primaryImageOfPage\":{\"@id\":\"https:\\\/\\\/www.garagedeprovence.fr\\\/?page_id=88#primaryimage\"},\"image\":{\"@id\":\"https:\\\/\\\/www.garagedeprovence.fr\\\/?page_id=88#primaryimage\"},\"thumbnailUrl\":\"http:\\\/\\\/www.garagedeprovence.fr\\\/wp-content\\\/uploads\\\/2021\\\/03\\\/Capture-decran-2021-03-12-a-11.53.06-1024x662.png\",\"datePublished\":\"2021-03-11T21:04:27+00:00\",\"dateModified\":\"2024-03-04T12:04:39+00:00\",\"description\":\"Garage de Provence, Agent Renault Dacia ,Saint Priest ,69800 ,Rh\u00f4ne ,r\u00e9paration m\u00e9canique ,carrosserie,peinture, vente v\u00e9hicule neuf occasion\",\"breadcrumb\":{\"@id\":\"https:\\\/\\\/www.garagedeprovence.fr\\\/?page_id=88#breadcrumb\"},\"inLanguage\":\"fr-FR\",\"potentialAction\":[{\"@type\":\"ReadAction\",\"target\":[\"https:\\\/\\\/www.garagedeprovence.fr\\\/?page_id=88\"]}]},{\"@type\":\"ImageObject\",\"inLanguage\":\"fr-FR\",\"@id\":\"https:\\\/\\\/www.garagedeprovence.fr\\\/?page_id=88#primaryimage\",\"url\":\"https:\\\/\\\/i0.wp.com\\\/www.garagedeprovence.fr\\\/wp-content\\\/uploads\\\/2021\\\/03\\\/Capture-decran-2021-03-12-a-11.53.06.png?fit=2630%2C1700\",\"contentUrl\":\"https:\\\/\\\/i0.wp.com\\\/www.garagedeprovence.fr\\\/wp-content\\\/uploads\\\/2021\\\/03\\\/Capture-decran-2021-03-12-a-11.53.06.png?fit=2630%2C1700\",\"width\":2630,\"height\":1700},{\"@type\":\"BreadcrumbList\",\"@id\":\"https:\\\/\\\/www.garagedeprovence.fr\\\/?page_id=88#breadcrumb\",\"itemListElement\":[{\"@type\":\"ListItem\",\"position\":1,\"name\":\"Accueil\",\"item\":\"https:\\\/\\\/www.garagedeprovence.fr\\\/\"},{\"@type\":\"ListItem\",\"position\":2,\"name\":\"Infos pratiques\",\"item\":\"https:\\\/\\\/www.garagedeprovence.fr\\\/?page_id=71\"},{\"@type\":\"ListItem\",\"position\":3,\"name\":\"Plan d acc\u00e8s\"}]},{\"@type\":\"WebSite\",\"@id\":\"https:\\\/\\\/www.garagedeprovence.fr\\\/#website\",\"url\":\"https:\\\/\\\/www.garagedeprovence.fr\\\/\",\"name\":\"Garage de provence Agent Renault Dacia\",\"description\":\"\",\"publisher\":{\"@id\":\"https:\\\/\\\/www.garagedeprovence.fr\\\/#organization\"},\"potentialAction\":[{\"@type\":\"SearchAction\",\"target\":{\"@type\":\"EntryPoint\",\"urlTemplate\":\"https:\\\/\\\/www.garagedeprovence.fr\\\/?s={search_term_string}\"},\"query-input\":{\"@type\":\"PropertyValueSpecification\",\"valueRequired\":true,\"valueName\":\"search_term_string\"}}],\"inLanguage\":\"fr-FR\"},{\"@type\":\"Organization\",\"@id\":\"https:\\\/\\\/www.garagedeprovence.fr\\\/#organization\",\"name\":\"Garage de provence Agent Renault Dacia\",\"url\":\"https:\\\/\\\/www.garagedeprovence.fr\\\/\",\"logo\":{\"@type\":\"ImageObject\",\"inLanguage\":\"fr-FR\",\"@id\":\"https:\\\/\\\/www.garagedeprovence.fr\\\/#\\\/schema\\\/logo\\\/image\\\/\",\"url\":\"https:\\\/\\\/i0.wp.com\\\/www.garagedeprovence.fr\\\/wp-content\\\/uploads\\\/2022\\\/01\\\/cropped-logo-renault-dacia.png?fit=666%2C174\",\"contentUrl\":\"https:\\\/\\\/i0.wp.com\\\/www.garagedeprovence.fr\\\/wp-content\\\/uploads\\\/2022\\\/01\\\/cropped-logo-renault-dacia.png?fit=666%2C174\",\"width\":666,\"height\":174,\"caption\":\"Garage de provence Agent Renault Dacia\"},\"image\":{\"@id\":\"https:\\\/\\\/www.garagedeprovence.fr\\\/#\\\/schema\\\/logo\\\/image\\\/\"}}]}<\/script>\n<!-- \/ Yoast SEO plugin. -->","yoast_head_json":{"title":"Plan d acc\u00e8s - Garage de provence Agent Renault Dacia","description":"Garage de Provence, Agent Renault Dacia ,Saint Priest ,69800 ,Rh\u00f4ne ,r\u00e9paration m\u00e9canique ,carrosserie,peinture, vente v\u00e9hicule neuf occasion","robots":{"index":"index","follow":"follow","max-snippet":"max-snippet:-1","max-image-preview":"max-image-preview:large","max-video-preview":"max-video-preview:-1"},"canonical":"https:\/\/www.garagedeprovence.fr\/?page_id=88","og_locale":"fr_FR","og_type":"article","og_title":"Plan d acc\u00e8s - Garage de provence Agent Renault Dacia","og_description":"Garage de Provence, Agent Renault Dacia ,Saint Priest ,69800 ,Rh\u00f4ne ,r\u00e9paration m\u00e9canique ,carrosserie,peinture, vente v\u00e9hicule neuf occasion","og_url":"https:\/\/www.garagedeprovence.fr\/?page_id=88","og_site_name":"Garage de provence Agent Renault Dacia","article_modified_time":"2024-03-04T12:04:39+00:00","og_image":[{"url":"http:\/\/www.garagedeprovence.fr\/wp-content\/uploads\/2021\/03\/Capture-decran-2021-03-12-a-11.53.06-1024x662.png","type":"","width":"","height":""}],"twitter_card":"summary_large_image","twitter_misc":{"Dur\u00e9e de lecture estim\u00e9e":"1 minute"},"schema":{"@context":"https:\/\/schema.org","@graph":[{"@type":"WebPage","@id":"https:\/\/www.garagedeprovence.fr\/?page_id=88","url":"https:\/\/www.garagedeprovence.fr\/?page_id=88","name":"Plan d acc\u00e8s - Garage de provence Agent Renault Dacia","isPartOf":{"@id":"https:\/\/www.garagedeprovence.fr\/#website"},"primaryImageOfPage":{"@id":"https:\/\/www.garagedeprovence.fr\/?page_id=88#primaryimage"},"image":{"@id":"https:\/\/www.garagedeprovence.fr\/?page_id=88#primaryimage"},"thumbnailUrl":"http:\/\/www.garagedeprovence.fr\/wp-content\/uploads\/2021\/03\/Capture-decran-2021-03-12-a-11.53.06-1024x662.png","datePublished":"2021-03-11T21:04:27+00:00","dateModified":"2024-03-04T12:04:39+00:00","description":"Garage de Provence, Agent Renault Dacia ,Saint Priest ,69800 ,Rh\u00f4ne ,r\u00e9paration m\u00e9canique ,carrosserie,peinture, vente v\u00e9hicule neuf occasion","breadcrumb":{"@id":"https:\/\/www.garagedeprovence.fr\/?page_id=88#breadcrumb"},"inLanguage":"fr-FR","potentialAction":[{"@type":"ReadAction","target":["https:\/\/www.garagedeprovence.fr\/?page_id=88"]}]},{"@type":"ImageObject","inLanguage":"fr-FR","@id":"https:\/\/www.garagedeprovence.fr\/?page_id=88#primaryimage","url":"https:\/\/i0.wp.com\/www.garagedeprovence.fr\/wp-content\/uploads\/2021\/03\/Capture-decran-2021-03-12-a-11.53.06.png?fit=2630%2C1700","contentUrl":"https:\/\/i0.wp.com\/www.garagedeprovence.fr\/wp-content\/uploads\/2021\/03\/Capture-decran-2021-03-12-a-11.53.06.png?fit=2630%2C1700","width":2630,"height":1700},{"@type":"BreadcrumbList","@id":"https:\/\/www.garagedeprovence.fr\/?page_id=88#breadcrumb","itemListElement":[{"@type":"ListItem","position":1,"name":"Accueil","item":"https:\/\/www.garagedeprovence.fr\/"},{"@type":"ListItem","position":2,"name":"Infos pratiques","item":"https:\/\/www.garagedeprovence.fr\/?page_id=71"},{"@type":"ListItem","position":3,"name":"Plan d acc\u00e8s"}]},{"@type":"WebSite","@id":"https:\/\/www.garagedeprovence.fr\/#website","url":"https:\/\/www.garagedeprovence.fr\/","name":"Garage de provence Agent Renault Dacia","description":"","publisher":{"@id":"https:\/\/www.garagedeprovence.fr\/#organization"},"potentialAction":[{"@type":"SearchAction","target":{"@type":"EntryPoint","urlTemplate":"https:\/\/www.garagedeprovence.fr\/?s={search_term_string}"},"query-input":{"@type":"PropertyValueSpecification","valueRequired":true,"valueName":"search_term_string"}}],"inLanguage":"fr-FR"},{"@type":"Organization","@id":"https:\/\/www.garagedeprovence.fr\/#organization","name":"Garage de provence Agent Renault Dacia","url":"https:\/\/www.garagedeprovence.fr\/","logo":{"@type":"ImageObject","inLanguage":"fr-FR","@id":"https:\/\/www.garagedeprovence.fr\/#\/schema\/logo\/image\/","url":"https:\/\/i0.wp.com\/www.garagedeprovence.fr\/wp-content\/uploads\/2022\/01\/cropped-logo-renault-dacia.png?fit=666%2C174","contentUrl":"https:\/\/i0.wp.com\/www.garagedeprovence.fr\/wp-content\/uploads\/2022\/01\/cropped-logo-renault-dacia.png?fit=666%2C174","width":666,"height":174,"caption":"Garage de provence Agent Renault Dacia"},"image":{"@id":"https:\/\/www.garagedeprovence.fr\/#\/schema\/logo\/image\/"}}]}},"jetpack-related-posts":[],"jetpack_sharing_enabled":true,"_links":{"self":[{"href":"http:\/\/www.garagedeprovence.fr\/index.php?rest_route=\/wp\/v2\/pages\/88","targetHints":{"allow":["GET"]}}],"collection":[{"href":"http:\/\/www.garagedeprovence.fr\/index.php?rest_route=\/wp\/v2\/pages"}],"about":[{"href":"http:\/\/www.garagedeprovence.fr\/index.php?rest_route=\/wp\/v2\/types\/page"}],"author":[{"embeddable":true,"href":"http:\/\/www.garagedeprovence.fr\/index.php?rest_route=\/wp\/v2\/users\/1"}],"replies":[{"embeddable":true,"href":"http:\/\/www.garagedeprovence.fr\/index.php?rest_route=%2Fwp%2Fv2%2Fcomments&post=88"}],"version-history":[{"count":12,"href":"http:\/\/www.garagedeprovence.fr\/index.php?rest_route=\/wp\/v2\/pages\/88\/revisions"}],"predecessor-version":[{"id":224,"href":"http:\/\/www.garagedeprovence.fr\/index.php?rest_route=\/wp\/v2\/pages\/88\/revisions\/224"}],"up":[{"embeddable":true,"href":"http:\/\/www.garagedeprovence.fr\/index.php?rest_route=\/wp\/v2\/pages\/71"}],"wp:attachment":[{"href":"http:\/\/www.garagedeprovence.fr\/index.php?rest_route=%2Fwp%2Fv2%2Fmedia&parent=88"}],"curies":[{"name":"wp","href":"https:\/\/api.w.org\/{rel}","templated":true}]}}

Plan d accès

<figure class="wp-block-image size-large is-resized"><a href="https://www.google.com/maps/place/Garage+de+Provence/@45.6952245,4.9243341,372m/data=!3m1!1e3!4m5!3m4!1s0x47f4c397d75e9619:0x90d0af488e67affc!8m2!3d45.695414!4d4.9254125" target="_blank" rel="noopener"><img data-recalc-dims="1" loading="lazy" decoding="async" src="https://i0.wp.com/www.garagedeprovence.fr/wp-content/uploads/2021/03/Capture-decran-2021-03-12-a-11.53.06.png?resize=512%2C331" alt="Cliquer sur l image pour obtenir un itinéraire." class="wp-image-161" width="512" height="331" title="Plan d acces" srcset="https://i0.wp.com/www.garagedeprovence.fr/wp-content/uploads/2021/03/Capture-decran-2021-03-12-a-11.53.06.png?resize=1024%2C662 1024w, https://i0.wp.com/www.garagedeprovence.fr/wp-content/uploads/2021/03/Capture-decran-2021-03-12-a-11.53.06.png?resize=300%2C194 300w, https://i0.wp.com/www.garagedeprovence.fr/wp-content/uploads/2021/03/Capture-decran-2021-03-12-a-11.53.06.png?resize=768%2C496 768w, https://i0.wp.com/www.garagedeprovence.fr/wp-content/uploads/2021/03/Capture-decran-2021-03-12-a-11.53.06.png?resize=1536%2C993 1536w, https://i0.wp.com/www.garagedeprovence.fr/wp-content/uploads/2021/03/Capture-decran-2021-03-12-a-11.53.06.png?resize=2048%2C1324 2048w, https://i0.wp.com/www.garagedeprovence.fr/wp-content/uploads/2021/03/Capture-decran-2021-03-12-a-11.53.06.png?resize=464%2C300 464w, https://i0.wp.com/www.garagedeprovence.fr/wp-content/uploads/2021/03/Capture-decran-2021-03-12-a-11.53.06.png?w=1986 1986w" sizes="auto, (max-width: 512px) 100vw, 512px" /></a></figure>

<!-- This site is optimized with the Yoast SEO plugin v27.5 - https://yoast.com/product/yoast-seo-wordpress/ -->
<title>Plan d accès - Garage de provence Agent Renault Dacia</title>
<meta name="description" content="Garage de Provence, Agent Renault Dacia ,Saint Priest ,69800 ,Rhône ,réparation mécanique ,carrosserie,peinture, vente véhicule neuf occasion" />
<meta name="robots" content="index, follow, max-snippet:-1, max-image-preview:large, max-video-preview:-1" />
<link rel="canonical" href="https://www.garagedeprovence.fr/?page_id=88" />
<meta property="og:locale" content="fr_FR" />
<meta property="og:type" content="article" />
<meta property="og:title" content="Plan d accès - Garage de provence Agent Renault Dacia" />
<meta property="og:description" content="Garage de Provence, Agent Renault Dacia ,Saint Priest ,69800 ,Rhône ,réparation mécanique ,carrosserie,peinture, vente véhicule neuf occasion" />
<meta property="og:url" content="https://www.garagedeprovence.fr/?page_id=88" />
<meta property="og:site_name" content="Garage de provence Agent Renault Dacia" />
<meta property="article:modified_time" content="2024-03-04T12:04:39+00:00" />
<meta property="og:image" content="http://www.garagedeprovence.fr/wp-content/uploads/2021/03/Capture-decran-2021-03-12-a-11.53.06-1024x662.png" />
<meta name="twitter:card" content="summary_large_image" />
<meta name="twitter:label1" content="Durée de lecture estimée" />
	<meta name="twitter:data1" content="1 minute" />
<script type="application/ld+json" class="yoast-schema-graph">{"@context":"https:\/\/schema.org","@graph":[{"@type":"WebPage","@id":"https:\/\/www.garagedeprovence.fr\/?page_id=88","url":"https:\/\/www.garagedeprovence.fr\/?page_id=88","name":"Plan d accès - Garage de provence Agent Renault Dacia","isPartOf":{"@id":"https:\/\/www.garagedeprovence.fr\/#website"},"primaryImageOfPage":{"@id":"https:\/\/www.garagedeprovence.fr\/?page_id=88#primaryimage"},"image":{"@id":"https:\/\/www.garagedeprovence.fr\/?page_id=88#primaryimage"},"thumbnailUrl":"http:\/\/www.garagedeprovence.fr\/wp-content\/uploads\/2021\/03\/Capture-decran-2021-03-12-a-11.53.06-1024x662.png","datePublished":"2021-03-11T21:04:27+00:00","dateModified":"2024-03-04T12:04:39+00:00","description":"Garage de Provence, Agent Renault Dacia ,Saint Priest ,69800 ,Rhône ,réparation mécanique ,carrosserie,peinture, vente véhicule neuf occasion","breadcrumb":{"@id":"https:\/\/www.garagedeprovence.fr\/?page_id=88#breadcrumb"},"inLanguage":"fr-FR","potentialAction":[{"@type":"ReadAction","target":["https:\/\/www.garagedeprovence.fr\/?page_id=88"]}]},{"@type":"ImageObject","inLanguage":"fr-FR","@id":"https:\/\/www.garagedeprovence.fr\/?page_id=88#primaryimage","url":"https:\/\/i0.wp.com\/www.garagedeprovence.fr\/wp-content\/uploads\/2021\/03\/Capture-decran-2021-03-12-a-11.53.06.png?fit=2630%2C1700","contentUrl":"https:\/\/i0.wp.com\/www.garagedeprovence.fr\/wp-content\/uploads\/2021\/03\/Capture-decran-2021-03-12-a-11.53.06.png?fit=2630%2C1700","width":2630,"height":1700},{"@type":"BreadcrumbList","@id":"https:\/\/www.garagedeprovence.fr\/?page_id=88#breadcrumb","itemListElement":[{"@type":"ListItem","position":1,"name":"Accueil","item":"https:\/\/www.garagedeprovence.fr\/"},{"@type":"ListItem","position":2,"name":"Infos pratiques","item":"https:\/\/www.garagedeprovence.fr\/?page_id=71"},{"@type":"ListItem","position":3,"name":"Plan d accès"}]},{"@type":"WebSite","@id":"https:\/\/www.garagedeprovence.fr\/#website","url":"https:\/\/www.garagedeprovence.fr\/","name":"Garage de provence Agent Renault Dacia","description":"","publisher":{"@id":"https:\/\/www.garagedeprovence.fr\/#organization"},"potentialAction":[{"@type":"SearchAction","target":{"@type":"EntryPoint","urlTemplate":"https:\/\/www.garagedeprovence.fr\/?s={search_term_string}"},"query-input":{"@type":"PropertyValueSpecification","valueRequired":true,"valueName":"search_term_string"}}],"inLanguage":"fr-FR"},{"@type":"Organization","@id":"https:\/\/www.garagedeprovence.fr\/#organization","name":"Garage de provence Agent Renault Dacia","url":"https:\/\/www.garagedeprovence.fr\/","logo":{"@type":"ImageObject","inLanguage":"fr-FR","@id":"https:\/\/www.garagedeprovence.fr\/#\/schema\/logo\/image\/","url":"https:\/\/i0.wp.com\/www.garagedeprovence.fr\/wp-content\/uploads\/2022\/01\/cropped-logo-renault-dacia.png?fit=666%2C174","contentUrl":"https:\/\/i0.wp.com\/www.garagedeprovence.fr\/wp-content\/uploads\/2022\/01\/cropped-logo-renault-dacia.png?fit=666%2C174","width":666,"height":174,"caption":"Garage de provence Agent Renault Dacia"},"image":{"@id":"https:\/\/www.garagedeprovence.fr\/#\/schema\/logo\/image\/"}}]}</script>
<!-- / Yoast SEO plugin. -->

Plan d accès - Garage de provence Agent Renault Dacia

Garage de Provence, Agent Renault Dacia ,Saint Priest ,69800 ,Rhône ,réparation mécanique ,carrosserie,peinture, vente véhicule neuf occasion
